n base 3, what is -12220101100 - -2?
-12220101021
In base 4, what is 2 + 231202012?
231202020
In base 12, what is a58b7 + -1?
a58b6
In base 14, what is 1485 - 5?
1480
In base 16, what is ef6 - 2?
ef4
In base 5, what is -10204400 - -10?
-10204340
In base 8, what is -41 + -2543?
-2604
In base 5, what is -1110144 + -11?
-1110210
In base 7, what is 320333 + 2?
320335
In base 13, what is 4 - -6897a?
68981
In base 16, what is -17 - 2d3?
-2ea
In base 16, what is -10 + a05?
9f5
In base 11, what is -30 - 18a?
-20a
In base 13, what is 2229 - 18?
2211
In base 12, what is -512 + -280?
-792
In base 5, what is 1140101 + -340?
1134211
In base 8, what is 1743 + -2221?
-256
In base 13, what is 70 + -1cb?
-15b
In base 13, what is -4 - 5593?
-5597
In base 14, what is 6b - -2ad?
33a
In base 15, what is 54 + 3b3?
417
In base 14, what is -5 - -11877?
11872
In base 4, what is 2331 - -31222?
100213
In base 8, what is 1 - -4106?
4107
In base 3, what is 212200022 + 1?
212200100
In base 8, what is -67371 - 7?
-67400
In base 8, what is -61060 - -12?
-61046
In base 3, what is -1020202122220 - 0?
-1020202122220
In base 13, what is -7 + 2684?
267a
In base 5, what is -33 - 44413403?
-44413441
In base 12, what is a - 577?
-569
In base 10, what is -268 - -568?
300
In base 4, what is -11031103211 - -3?
-11031103202
In base 8, what is 575 - -17076?
17673
In base 2, what is 1100100011011 - 10001?
1100100001010
In base 16, what is c + -afa?
-aee
In base 15, what is 5211 + -4?
520c
In base 16, what is f - 5dc?
-5cd
In base 12, what is 13 - 31310?
-312b9
In base 16, what is -208858 - 3?
-20885b
In base 8, what is 207146 + -3?
207143
In base 6, what is -1 + -50412352?
-50412353
In base 7, what is 10 - 1064?
-1054
In base 9, what is -65661 - 73?
-65744
In base 14, what is -38c12c - -4?
-38c128
In base 10, what is -24 + -1358?
-1382
In base 9, what is -266 + -1016?
-1283
In base 16, what is -1f012 - -1?
-1f011
In base 8, what is -6 - 11725?
-11733
In base 11, what is 1508 + -151?
1367
In base 6, what is -101004 + 1105?
-55455
In base 14, what is 84 + -a75?
-9d1
In base 15, what is c132 - 5?
c12c
In base 16, what is 4 - -60?
64
In base 2, what is -1111 + -1010001101111111?
-1010001110001110
In base 7, what is 5633346 - 2?
5633344
In base 8, what is 10164 - 1444?
6520
In base 9, what is 5 + -31381?
-31375
In base 6, what is 5 + 404025?
404034
In base 6, what is -113 - -432520?
432403
In base 16, what is -432a - -3?
-4327
In base 4, what is -11 - 3030110?
-3030121
In base 4, what is -222321 - -11232?
-211023
In base 8, what is -2 + -47267?
-47271
In base 15, what is -cdb5 - -5?
-cdb0
In base 16, what is 47e47 + b?
47e52
In base 13, what is -55a - 1c?
-579
In base 4, what is -2320112 - -1?
-2320111
In base 6, what is 243 + -2?
241
In base 6, what is -12054 - 431?
-12525
In base 16, what is 5e0 + 1?
5e1
In base 6, what is -1 - 235455?
-235500
In base 10, what is 1 + 15717?
15718
In base 6, what is 50 - -4353?
4443
In base 7, what is -13300 + -3?
-13303
In base 8, what is -354524 + -26?
-354552
In base 4, what is 333 + -10221?
-3222
In base 3, what is 210200220 + -210?
210200010
In base 6, what is 1511533 - 54?
1511435
In base 4, what is -1233301232 + -3?
-1233301301
In base 13, what is 5cb30b - 1?
5cb30a
In base 10, what is 254864 - -3?
254867
In base 16, what is 4 - -1454b?
1454f
In base 6, what is -3 + -20444?
-20451
In base 13, what is -8 - -3853b?
38533
In base 14, what is 66 - 14b2?
-144a
In base 8, what is -10 - 3010?
-3020
In base 15, what is 6eda8 + 5?
6edad
In base 15, what is -2 + 8a31?
8a2e
In base 11, what is -9079 + -11?
-908a
In base 12, what is 1477 + -3?
1474
In base 9, what is 132 + 1463?
1605
In base 13, what is -2080 + -3?
-2083
In base 15, what is -1b1 + -6d?
-22e
In base 10, what is 1331 + -4274?
-2943
In base 16, what is -210 - 17c?
-38c
In base 6, what is 42541 + 2045?
45030
In base 13, what is -20132 + 3?
-2012c
In base 9, what is 2 + -6753?
-6751
In base 5, what is -14403 - 44?
-20002
In base 5, what is -12123402 - 30?
-12123432
In base 11, what is -66a - 87?
-746
In base 8, what is -73510 - -3?
-73505
In base 6, what is -300005 - 0?
-300005
In base 4, what is -1 + 332231?
332230
In base 14, what is -a61da + -1?
-a61db
In base 12, what is 226575 - 1?
226574
In base 13, what is 2b - -bc75?
bca3
In base 15, what is 90 + -dc?
-4c
In base 15, what is -a - 1980?
-198a
In base 11, what is 3a78 + 1?
3a79
In base 4, what is 223 - -11013?
11302
In base 4, what is -130311322 + 10?
-130311312
In base 2, what is 110011000001110101111 + -10?
110011000001110101101
In base 4, what is 22 - 1320201?
-1320113
In base 12, what is 3 + 478b1?
478b4
In base 5, what is 2310 - 443?
1312
In base 3, what is 2212102012 + -1101?
2212100211
In base 16, what is 14c2 + 4?
14c6
In base 4, what is 32211312 - -103?
32212021
In base 8, what is -1253 + 603?
-450
In base 14, what is -d8 - -4099?
3da1
In base 14, what is 7c524c + 5?
7c5253
In base 13, what is -101 + 6525?
6424
In base 16, what is 311 - 161?
1b0
In base 10, what is 1102 - -7?
1109
In base 3, what is 1121020 + -20?
1121000
In base 3, what is 102120 - 101200?
220
In base 12, what is 1 + 59760?
59761
In base 8, what is 17322 - 27?
17273
In base 4, what is 30222 - 102333?
-12111
In base 14, what is -c2020 - 1?
-c2021
In base 16, what is -16 + 401?
3eb
In base 5, what is -124004 + -40?
-124044
In base 8, what is 0 - -522745?
522745
In base 5, what is 20102443 - 1?
20102442
In base 5, what is -124 - -2410?
2231
In base 5, what is 33042 - -1113?
34210
In base 9, what is -1687 + -35?
-1733
In base 15, what is 3a69 - 3?
3a66
In base 9, what is -10535 + -30?
-10565
In base 13, what is 26 + 1912?
1938
In base 7, what is -5 - -11425?
11420
In base 6, what is -1252534 + -4?
-1252542
In base 10, what is -2691 - -1066?
-1625
In base 5, what is 224234 + -4330?
214404
In base 15, what is -2c8 - d5?
-3ad
In base 9, what is -3583 + -31?
-3624
In base 10, what is -26267 - 13?
-26280
In base 3, what is -1220 + 100111?
21121
In base 8, what is -7767 - -72?
-7675
In base 2, what is 11 + 111011011011111?
111011011100010
In base 15, what is 3 + -b28?
-b25
In base 6, what is 111 - 5111?
-5000
In base 6, what is -45 + -5014?
-5103
In base 14, what is -5 + -41bb7?
-41bbc
In base 4, what is 101012 - 1201?
33211
In base 11, what is -653910 + -1?
-653911
In base 12, what is 0 + -2793b3?
-2793b3
In base 8, what is 3 + 21106?
21111
In base 16, what is -6874cc - 0?
-6874cc
In base 13, what is 4875 - 38?
483a
In base 8, what is 315 - 500?
-163
In base 3, what is -112210101 + 20?
-112210011
In base 14, what is d995 - -3?
d998
In base 16, what is -889 + 8e?
-7fb
In base 15, what is -7 + 26b?
264
In base 10, what is -553902 + -1?
-553903
In base 15, what is -1d3c + 31?
-1d0b
In base 10, what is -6 - 82361?
-82367
In base 4, what is -121 - -32233?
32112
In base 4, what is 101021130 + 1?
101021131
In base 4, what is -1022131 + -1?
-1022132
In base 4, what is -211013 + -11?
-211030
In base 15, what is -dba + 8?
-db2
In base 8, what is -1676612 - -1?
-1676611
In base 12, what is -1969 + -a8?
-1a55
In base 3, what is -1020 - -10111220110?
10111212020
In base 11, what is -2 - -395943?
395941
In base 12, what is -23 - -2728?
2705
In base 10, what is -1521246 + 4?
-1521242
In base 16, what is -1687f - -4?
-1687b
In base 10, what is 100 - -943?
1043
In base 7, what is 1 + -3402534?
-3402533
In base 10, what is -708 + -1143?
-1851
In base 5, what is 2320013 - 10?
2320003
In base 15, what is 352 - 184?
1bd
In base 10, what is -6409 + -4?
-6413
In base 5, what is 0 - -201400?
201400
In base 2, what is 1100111000 - 101101?
1100001011
In base 15, what is c - 96a5?
-9698
In base 3, what is 0 + 10220001102?
10220001102
In base 9, what is -24 - -1635?
1611
In base 6, what is -22 + -12151?
-12213
In base 9, what is 605 + -43?
552
In base 5, what is 2 - 232343?
-232341
In base 16, what is d9f + 3?
da2
In base 13, what is -7 + -28a3?
-28aa
In base 6, what is -542 - 42322?
-43304
In base 10, what is 271732 + -2?
271730
In base 8, what is -40 - -72145?
72105
In base 5, what is -4 + -20412033?
-20412042
In base 14, what is -370b7 + -5?
-370bc
In base 15, what is -c1 + -6d9?
-7aa
In base 4, what is -2330 + 33033?
30103
In base 6, what is -150340521 - -3?
-150340514
In base 4, what is -32 - -20